?
4
What is the units digit of 2386941?
1
What is the hundred thousands digit of 993077?
9
What is the hundred thousands digit of 433478?
4
What is the ten thousands digit of 21572?
2
What is the millions digit of 9612881?
9
What is the ten thousands digit of 418906?
1
What is the millions digit of 24281526?
4
What is the units digit of 12685032?
2
What is the hundreds digit of 1320463?
4
What is the units digit of 160184?
4
What is the ten thousands digit of 116026?
1
What is the tens digit of 13829?
2
What is the thousands digit of 186922?
6
What is the hundred thousands digit of 1831466?
8
What is the thousands digit of 50025?
0
What is the units digit of 49219?
9
What is the thousands digit of 8849?
8
What is the hundred thousands digit of 11896920?
8
What is the hundred thousands digit of 4625500?
6
What is the units digit of 715058?
8
What is the ten thousands digit of 44602?
4
What is the hundreds digit of 14200?
2
What is the hundreds digit of 9217928?
9
What is the millions digit of 1183783?
1
What is the ten thousands digit of 1472904?
7
What is the hundred thousands digit of 965727?
9
What is the ten thousands digit of 2291215?
9
What is the hundred thousands digit of 361921?
3
What is the ten thousands digit of 13844136?
4
What is the thousands digit of 4136348?
6
What is the hundreds digit of 8792870?
8
What is the units digit of 9734817?
7
What is the tens digit of 48577?
7
What is the units digit of 29346248?
8
What is the hundred thousands digit of 8385125?
3
What is the millions digit of 1428694?
1
What is the hundreds digit of 193445?
4
What is the tens digit of 9109395?
9
What is the hundred thousands digit of 1098017?
0
What is the units digit of 4191583?
3
What is the units digit of 869224?
4
What is the thousands digit of 733533?
3
What is the hundreds digit of 25771508?
5
What is the hundreds digit of 7943882?
8
What is the hundreds digit of 380404?
4
What is the hundred thousands digit of 941596?
9
What is the hundreds digit of 156640?
6
What is the thousands digit of 2122970?
2
What is the ten thousands digit of 1558179?
5
What is the thousands digit of 155879?
5
What is the tens digit of 2091115?
1
What is the thousands digit of 2033837?
3
What is the units digit of 432840?
0
What is the hundreds digit of 464651?
6
What is the tens digit of 14082059?
5
What is the hundred thousands digit of 3301848?
3
What is the ten thousands digit of 2751059?
5
What is the hundred thousands digit of 1667053?
6
What is the units digit of 362853?
3
What is the tens digit of 25678084?
8
What is the ten thousands digit of 7350309?
5
What is the units digit of 2176287?
7
What is the tens digit of 4173797?
9
What is the units digit of 368139?
9
What is the hundred thousands digit of 232430?
2
What is the thousands digit of 1059501?
9
What is the hundred thousands digit of 3469951?
4
What is the tens digit of 1291297?
9
What is the hundred thousands digit of 10970166?
9
What is the ten thousands digit of 453875?
5
What is the ten thousands digit of 615221?
1
What is the hundred thousands digit of 375459?
3
What is the hundred thousands digit of 325227?
3
What is the hundreds digit of 2556816?
8
What is the units digit of 1253373?
3
What is the thousands digit of 24877?
4
What is the ten thousands digit of 214725?
1
What is the thousands digit of 317333?
7
What is the millions digit of 3298048?
3
What is the millions digit of 7766525?
7
What is the units digit of 7004845?
5
What is the tens digit of 533386?
8
What is the hundred thousands digit of 401460?
4
What is the thousands digit of 7219454?
9
What is the thousands digit of 38161692?
1
What is the tens digit of 4816984?
8
What is the tens digit of 171971?
7
What is the thousands digit of 9305726?
5
What is the hundreds digit of 1038133?
1
What is the ten thousands digit of 127726?
2
What is the units digit of 2040685?
5
What is the hundreds digit of 366798?
7
What is the thousands digit of 369628?
9
What is the millions digit of 20531056?
0
What is the millions digit of 16657423?
6
What is the ten thousands digit of 9736918?
3
What is the hundred thousands digit of 4910058?
9
What is the tens digit of 975938?
3
What is the millions digit of 2743764?
2
What is the tens digit of 177117?
1
What is the units digit of 3099648?
8
What is the ten thousands digit of 255349?
5
What is the hundred thousands digit of 13939657?
9
What is the hundreds digit of 1897143?
1
What is the hundreds digit of 24962420?
4
What is the hundred thousands digit of 112210?
1
What is the units digit of 302183?
3
What is the tens digit of 3752346?
4
What is the ten thousands digit of 75607?
7
What is the thousands digit of 2835604?
5
What is the hundred thousands digit of 17604505?
6
What is the tens digit of 557092?
9
What is the millions digit of 1752046?
1
What is the thousands digit of 1185229?
5
What is the hundreds digit of 90301?
3
What is the tens digit of 2753873?
7
What is the units digit of 7786067?
7
What is the hundreds digit of 303484?
4
What is the hundred thousands digit of 337107?
3
What is the hundreds digit of 87703?
7
What is the millions digit of 1910696?
1
What is the ten thousands digit of 6109209?
0
What is the units digit of 24207593?
3
What is the thousands digit of 2462796?
2
What is the thousands digit of 525112?
5
What is the units digit of 9056319?
9
What is the millions digit of 14271924?
4
What is the millions digit of 9653063?
9
What is the units digit of 386873?
3
What is the hundred thousands digit of 181918?
1
What is the thousands digit of 495943?
5
What is the hundreds digit of 115574?
5
What is the ten thousands digit of 253115?
5
What is the thousands digit of 4118833?
8
What is the thousands digit of 1316845?
6
What is the hundreds digit of 7702663?
6
What is the ten thousands digit of 19091915?
9
What is the ten millions digit of 11722956?
1
What is the units digit of 344000?
0
What is the hundred thousands digit of 1448512?
4
What is the units digit of 1509125?
5
What is the hundreds digit of 9360773?
7
What is the hundreds digit of 12770288?
2
What is the thousands digit of 190672?
0
What is the tens digit of 5663888?
8
What is the tens digit of 1170333?
3
What is the hundreds digit of 9209872?
8
What is the thousands digit of 60300?
0
What is the units digit of 1277640?
0
What is the hundred thousands digit of 10574872?
5
What is the hundreds digit of 523263?
2
What is the thousands digit of 2047920?
7
What is the millions digit of 3523508?
3
What is the hundreds digit of 223246?
2
What is the millions digit of 1401904?
1
What is the units digit of 505340?
0
What is the units digit of 679353?
3
What is the units digit of 113825?
5
What is the thousands digit of 2764251?
4
What is the thousands digit of 101648?
1
What is the millions digit of 31679425?
1
What is the units digit of 1262489?
9
What is the thousands digit of 1020716?
0
What is the units digit of 256805?
5
What is the ten thousands digit of 10873655?
7
What is the units digit of 30480361?
1
What is the tens digit of 1346645?
4
What is the thousands digit of 2353798?
3
What is the tens digit of 23404525?
2
What is the hundreds digit of 2752902?
9
What is the tens digit of 151108?
0
What is the millions digit of 8408777?
8
What is the units digit of 173076?
6
What is the hundred thousands digit of 153491?
1
What is the hundred thousands digit of 1863615?
8
What is the units digit of 3137862?
2
What is the ten thousands digit of 1136273?
3
What is the tens digit of 19829190?
9
What is the hundred thousands digit of 1073382?
0
What is the ten thousands digit of 150525?
5
What is the units digit of 2236337?
7
What is the hundred thousands digit of 288182?
2
What is the ten thousands digit of 245210?
4
What is the hundreds digit of 1109241?
2
What is the units digit of 178864?
4
What is the hundred thousands digit of 23101419?
1
What is the hundred thousands digit of 215351?
2
What is the ten thousands digit of 17282472?
8
What is the millions digit of 7403916?
7
What is the tens digit of 6116373?
7
What is the millions digit of 2990603?
2
What is the millions digit of 6317108?
6
What is the tens digit of 69349?
4
What is the units digit of 5705224?
4
What is the hundreds digit of 416057?
0
What is the ten mil